{"id":21,"date":"2009-07-26T10:51:41","date_gmt":"2009-07-26T08:51:41","guid":{"rendered":"http:\/\/geschwisterbuechner.de\/impressum-und-kontakt\/"},"modified":"2018-06-05T09:54:25","modified_gmt":"2018-06-05T07:54:25","slug":"impressum-und-kontakt","status":"publish","type":"page","link":"https:\/\/geschwisterbuechner.de\/?page_id=21","title":{"rendered":"Impressum und Kontakt"},"content":{"rendered":"<p>Diese Site wird von mir erstellt und inhaltlich verantwortet.<\/p>\n<p>Kommentare werden nach Pr\u00fcfung freigegeben; Links und Verweise\u00a0 wurden beim Ver\u00f6ffentlichen \u00fcberpr\u00fcft.<\/p>\n<p>Trotz sorgf\u00e4ltiger Beachtung aller Vorschriften kann ich nicht ausschlie\u00dfen, dass unter Links oder Verweisen nach meiner \u00dcberpr\u00fcfung illegale Inhalte ver\u00f6ffentlicht werden. Vorsorglich distanziere ich mich daher grunds\u00e4tzlich von allen Inhalten, auf die von hier verwiesen wird. Hinweise darauf, dass meine Sites auf illegale Inhalte verlinkt sind, nehme ich gerne entgegen und haben nat\u00fcrlich Konsequenzen.<\/p>\n<p><a href=\"https:\/\/geschwisterbuechner.de\/datenschutzerklaerung\/\">Informationen zum Datenschutz finden sich hier.<\/a><\/p>\n<p><a href=\"mailto:%20post@entwicklungundkultur.de\" target=\"_blank\" rel=\"noopener\">Peter Brunner<\/a><\/p>\n<p>Bergstra\u00dfe 1<\/p>\n<p>64319 Pfungstadt<\/p>\n","protected":false},"excerpt":{"rendered":"<p>Diese Site wird von mir erstellt und inhaltlich verantwortet. Kommentare werden nach Pr\u00fcfung freigegeben; Links und Verweise\u00a0 wurden beim Ver\u00f6ffentlichen \u00fcberpr\u00fcft. Trotz sorgf\u00e4ltiger Beachtung aller Vorschriften kann ich nicht ausschlie\u00dfen, dass unter Links oder Verweisen nach meiner \u00dcberpr\u00fcfung illegale Inhalte ver\u00f6ffentlicht werden. Vorsorglich distanziere ich mich daher grunds\u00e4tzlich von allen Inhalten, auf die von hier [&hellip;]<\/p>\n","protected":false},"author":379,"featured_media":0,"parent":0,"menu_order":2,"comment_status":"open","ping_status":"open","template":"","meta":{"footnotes":""},"class_list":["post-21","page","type-page","status-publish","hentry","post-preview"],"yoast_head":"<!-- This site is optimized with the Yoast SEO plugin v27.4 - https:\/\/yoast.com\/product\/yoast-seo-wordpress\/ -->\n<title>Impressum und Kontakt - Neues aus Buechnerland<\/title>\n<meta name=\"robots\" content=\"index, follow, max-snippet:-1, max-image-preview:large, max-video-preview:-1\" \/>\n<link rel=\"canonical\" href=\"https:\/\/geschwisterbuechner.de\/?page_id=21\" \/>\n<meta property=\"og:locale\" content=\"de_DE\" \/>\n<meta property=\"og:type\" content=\"article\" \/>\n<meta property=\"og:title\" content=\"Impressum und Kontakt - Neues aus Buechnerland\" \/>\n<meta property=\"og:description\" content=\"Diese Site wird von mir erstellt und inhaltlich verantwortet. Kommentare werden nach Pr\u00fcfung freigegeben; Links und Verweise\u00a0 wurden beim Ver\u00f6ffentlichen \u00fcberpr\u00fcft. Trotz sorgf\u00e4ltiger Beachtung aller Vorschriften kann ich nicht ausschlie\u00dfen, dass unter Links oder Verweisen nach meiner \u00dcberpr\u00fcfung illegale Inhalte ver\u00f6ffentlicht werden. Vorsorglich distanziere ich mich daher grunds\u00e4tzlich von allen Inhalten, auf die von hier [&hellip;]\" \/>\n<meta property=\"og:url\" content=\"https:\/\/geschwisterbuechner.de\/?page_id=21\" \/>\n<meta property=\"og:site_name\" content=\"Neues aus Buechnerland\" \/>\n<meta property=\"article:modified_time\" content=\"2018-06-05T07:54:25+00:00\" \/>\n<meta name=\"twitter:card\" content=\"summary_large_image\" \/>\n<meta name=\"twitter:site\" content=\"@s_p_brunner\" \/>\n<script type=\"application\/ld+json\" class=\"yoast-schema-graph\">{\"@context\":\"https:\\\/\\\/schema.org\",\"@graph\":[{\"@type\":\"WebPage\",\"@id\":\"https:\\\/\\\/geschwisterbuechner.de\\\/?page_id=21\",\"url\":\"https:\\\/\\\/geschwisterbuechner.de\\\/?page_id=21\",\"name\":\"Impressum und Kontakt - Neues aus Buechnerland\",\"isPartOf\":{\"@id\":\"https:\\\/\\\/geschwisterbuechner.de\\\/#website\"},\"datePublished\":\"2009-07-26T08:51:41+00:00\",\"dateModified\":\"2018-06-05T07:54:25+00:00\",\"breadcrumb\":{\"@id\":\"https:\\\/\\\/geschwisterbuechner.de\\\/?page_id=21#breadcrumb\"},\"inLanguage\":\"de\",\"potentialAction\":[{\"@type\":\"ReadAction\",\"target\":[\"https:\\\/\\\/geschwisterbuechner.de\\\/?page_id=21\"]}]},{\"@type\":\"BreadcrumbList\",\"@id\":\"https:\\\/\\\/geschwisterbuechner.de\\\/?page_id=21#breadcrumb\",\"itemListElement\":[{\"@type\":\"ListItem\",\"position\":1,\"name\":\"Startseite\",\"item\":\"https:\\\/\\\/geschwisterbuechner.de\\\/\"},{\"@type\":\"ListItem\",\"position\":2,\"name\":\"Impressum und Kontakt\"}]},{\"@type\":\"WebSite\",\"@id\":\"https:\\\/\\\/geschwisterbuechner.de\\\/#website\",\"url\":\"https:\\\/\\\/geschwisterbuechner.de\\\/\",\"name\":\"Neues aus Buechnerland\",\"description\":\"Peter Brunners Buechnerblog\",\"publisher\":{\"@id\":\"https:\\\/\\\/geschwisterbuechner.de\\\/#\\\/schema\\\/person\\\/ec81f262408192ea04c51ee9c89d48d9\"},\"potentialAction\":[{\"@type\":\"SearchAction\",\"target\":{\"@type\":\"EntryPoint\",\"urlTemplate\":\"https:\\\/\\\/geschwisterbuechner.de\\\/?s={search_term_string}\"},\"query-input\":{\"@type\":\"PropertyValueSpecification\",\"valueRequired\":true,\"valueName\":\"search_term_string\"}}],\"inLanguage\":\"de\"},{\"@type\":[\"Person\",\"Organization\"],\"@id\":\"https:\\\/\\\/geschwisterbuechner.de\\\/#\\\/schema\\\/person\\\/ec81f262408192ea04c51ee9c89d48d9\",\"name\":\"peter brunner\",\"image\":{\"@type\":\"ImageObject\",\"inLanguage\":\"de\",\"@id\":\"https:\\\/\\\/secure.gravatar.com\\\/avatar\\\/b6195224d15188d95b27ef2d5a30de7ec9d4b75805cd922fc20b18ef8165d1e4?s=96&d=mm&r=g\",\"url\":\"https:\\\/\\\/secure.gravatar.com\\\/avatar\\\/b6195224d15188d95b27ef2d5a30de7ec9d4b75805cd922fc20b18ef8165d1e4?s=96&d=mm&r=g\",\"contentUrl\":\"https:\\\/\\\/secure.gravatar.com\\\/avatar\\\/b6195224d15188d95b27ef2d5a30de7ec9d4b75805cd922fc20b18ef8165d1e4?s=96&d=mm&r=g\",\"caption\":\"peter brunner\"},\"logo\":{\"@id\":\"https:\\\/\\\/secure.gravatar.com\\\/avatar\\\/b6195224d15188d95b27ef2d5a30de7ec9d4b75805cd922fc20b18ef8165d1e4?s=96&d=mm&r=g\"}}]}<\/script>\n<!-- \/ Yoast SEO plugin. -->","yoast_head_json":{"title":"Impressum und Kontakt - Neues aus Buechnerland","robots":{"index":"index","follow":"follow","max-snippet":"max-snippet:-1","max-image-preview":"max-image-preview:large","max-video-preview":"max-video-preview:-1"},"canonical":"https:\/\/geschwisterbuechner.de\/?page_id=21","og_locale":"de_DE","og_type":"article","og_title":"Impressum und Kontakt - Neues aus Buechnerland","og_description":"Diese Site wird von mir erstellt und inhaltlich verantwortet. Kommentare werden nach Pr\u00fcfung freigegeben; Links und Verweise\u00a0 wurden beim Ver\u00f6ffentlichen \u00fcberpr\u00fcft. Trotz sorgf\u00e4ltiger Beachtung aller Vorschriften kann ich nicht ausschlie\u00dfen, dass unter Links oder Verweisen nach meiner \u00dcberpr\u00fcfung illegale Inhalte ver\u00f6ffentlicht werden. Vorsorglich distanziere ich mich daher grunds\u00e4tzlich von allen Inhalten, auf die von hier [&hellip;]","og_url":"https:\/\/geschwisterbuechner.de\/?page_id=21","og_site_name":"Neues aus Buechnerland","article_modified_time":"2018-06-05T07:54:25+00:00","twitter_card":"summary_large_image","twitter_site":"@s_p_brunner","schema":{"@context":"https:\/\/schema.org","@graph":[{"@type":"WebPage","@id":"https:\/\/geschwisterbuechner.de\/?page_id=21","url":"https:\/\/geschwisterbuechner.de\/?page_id=21","name":"Impressum und Kontakt - Neues aus Buechnerland","isPartOf":{"@id":"https:\/\/geschwisterbuechner.de\/#website"},"datePublished":"2009-07-26T08:51:41+00:00","dateModified":"2018-06-05T07:54:25+00:00","breadcrumb":{"@id":"https:\/\/geschwisterbuechner.de\/?page_id=21#breadcrumb"},"inLanguage":"de","potentialAction":[{"@type":"ReadAction","target":["https:\/\/geschwisterbuechner.de\/?page_id=21"]}]},{"@type":"BreadcrumbList","@id":"https:\/\/geschwisterbuechner.de\/?page_id=21#breadcrumb","itemListElement":[{"@type":"ListItem","position":1,"name":"Startseite","item":"https:\/\/geschwisterbuechner.de\/"},{"@type":"ListItem","position":2,"name":"Impressum und Kontakt"}]},{"@type":"WebSite","@id":"https:\/\/geschwisterbuechner.de\/#website","url":"https:\/\/geschwisterbuechner.de\/","name":"Neues aus Buechnerland","description":"Peter Brunners Buechnerblog","publisher":{"@id":"https:\/\/geschwisterbuechner.de\/#\/schema\/person\/ec81f262408192ea04c51ee9c89d48d9"},"potentialAction":[{"@type":"SearchAction","target":{"@type":"EntryPoint","urlTemplate":"https:\/\/geschwisterbuechner.de\/?s={search_term_string}"},"query-input":{"@type":"PropertyValueSpecification","valueRequired":true,"valueName":"search_term_string"}}],"inLanguage":"de"},{"@type":["Person","Organization"],"@id":"https:\/\/geschwisterbuechner.de\/#\/schema\/person\/ec81f262408192ea04c51ee9c89d48d9","name":"peter brunner","image":{"@type":"ImageObject","inLanguage":"de","@id":"https:\/\/secure.gravatar.com\/avatar\/b6195224d15188d95b27ef2d5a30de7ec9d4b75805cd922fc20b18ef8165d1e4?s=96&d=mm&r=g","url":"https:\/\/secure.gravatar.com\/avatar\/b6195224d15188d95b27ef2d5a30de7ec9d4b75805cd922fc20b18ef8165d1e4?s=96&d=mm&r=g","contentUrl":"https:\/\/secure.gravatar.com\/avatar\/b6195224d15188d95b27ef2d5a30de7ec9d4b75805cd922fc20b18ef8165d1e4?s=96&d=mm&r=g","caption":"peter brunner"},"logo":{"@id":"https:\/\/secure.gravatar.com\/avatar\/b6195224d15188d95b27ef2d5a30de7ec9d4b75805cd922fc20b18ef8165d1e4?s=96&d=mm&r=g"}}]}},"_links":{"self":[{"href":"https:\/\/geschwisterbuechner.de\/index.php?rest_route=\/wp\/v2\/pages\/21","targetHints":{"allow":["GET"]}}],"collection":[{"href":"https:\/\/geschwisterbuechner.de\/index.php?rest_route=\/wp\/v2\/pages"}],"about":[{"href":"https:\/\/geschwisterbuechner.de\/index.php?rest_route=\/wp\/v2\/types\/page"}],"author":[{"embeddable":true,"href":"https:\/\/geschwisterbuechner.de\/index.php?rest_route=\/wp\/v2\/users\/379"}],"replies":[{"embeddable":true,"href":"https:\/\/geschwisterbuechner.de\/index.php?rest_route=%2Fwp%2Fv2%2Fcomments&post=21"}],"version-history":[{"count":2,"href":"https:\/\/geschwisterbuechner.de\/index.php?rest_route=\/wp\/v2\/pages\/21\/revisions"}],"predecessor-version":[{"id":3625,"href":"https:\/\/geschwisterbuechner.de\/index.php?rest_route=\/wp\/v2\/pages\/21\/revisions\/3625"}],"wp:attachment":[{"href":"https:\/\/geschwisterbuechner.de\/index.php?rest_route=%2Fwp%2Fv2%2Fmedia&parent=21"}],"curies":[{"name":"wp","href":"https:\/\/api.w.org\/{rel}","templated":true}]}}